= x + l, -2*x - 18 = 3*l. What is k(x)?
10
Let h(n) = -n**2 + 4*n + 32. Let d be h(8). Let l(z) be the third derivative of 0 + d*z - 2/3*z**3 - z**2 + 1/24*z**4. What is l(3)?
-1
Let z(c) = 26 - 2*c - 7*c - 4 - 4*c + 8*c. What is z(3)?
7
Suppose -10*d - 5*v = -15*d + 115, -4*d + 87 = v. Suppose 0 = -5*x + 2*f + 28, -3*x = -0*x + 4*f - d. Let l(p) = p**2 - 5*p + 6. Determine l(x).
12
Let x(v) = 2*v**2 + 23*v - 5. Let b be 3 + -2 + 4 + -5 + -12. What is x(b)?
7
Suppose n + 15 = -3*u, 0 = -4*n - 5*u - 6 - 19. Let p(x) = -x - 2. Let m be p(-6). Let d(o) = -2*o - 4*o + m*o + 3*o - 11. Give d(n).
-11
Let x(s) = -2*s**2 - 20*s - 4. Suppose -35*y - 15*y = 500. Calculate x(y).
-4
Let c = 1099 + -1095. Let o(f) = 1. Let y(x) = 6*x + 13. Let d(g) = 7*g + 14. Let p(r) = 4*d(r) - 5*y(r). Let a(h) = c*o(h) + p(h). What is a(-5)?
5
Let l be (-106)/10 + (-27)/(-45). Let p be (60/(-50))/(2/l). Let t(i) = 6*i + 0*i - 9 - i**2 + 2*i. Calculate t(p).
3
Let f be (-44)/242 - (-26)/22. Suppose 25 - f = -4*u. Let z(h) = h**2 + 8*h + 7. Determine z(u).
-5
Let o(m) = m + 17. Let h(i) = 13*i - 78. Let k be h(6). Determine o(k).
17
Let b(g) be the second derivative of -g**3/3 - g**2/2 - 2*g + 14. Let w(s) = 9*s + 3. Let q(r) = 26*b(r) + 6*w(r). Let j = -1 - -7. Determine q(j).
4
Let m(s) = 3*s**3 - 4*s**2 - 4*s + 3. Let z(x) = -4*x**3 + 3*x**2 + 3*x - 2. Suppose -8*a - 12 = -5*a. Let q(y) = a*z(y) - 3*m(y). Give q(1).
6
Let n = 18 - 12. Let p(v) be the third derivative of -v**7/2520 + v**6/144 - 11*v**5/60 + 10*v**2. Let k(h) be the third derivative of p(h). What is k(n)?
-7
Let u(j) = -2*j**2 - 4*j + 2. Let r(d) = -d**2 - d + 1. Suppose 36*q - 40*q = -12. Let l(s) = q*r(s) - u(s). Give l(2).
-1
Suppose -5*r + 4*y = 4 - 5, 3*r + 2 = 5*y. Let u be (r - 11)*14/35. Let a(o) = -o + 1. Calculate a(u).
5
Suppose 0 = 2*g - 3*g + 2, -4*w = 3*g - 26. Let r(a) be the third derivative of -1/8*a**4 + 0*a + 0 + 1/3*a**3 - 1/60*a**w + 2*a**2. What is r(-2)?
4
Let v(q) = -6*q + 1. Let k be v(1). Let x(g) be the second derivative of g**3/6 + 7*g**2/2 - 266*g. Calculate x(k).
2
Suppose 30*n - 13*n - 85 = 0. Let f(x) be the third derivative of 0 + 5*x**2 + 1/12*x**4 + 1/15*x**n - 1/6*x**3 + 0*x. Calculate f(1).
5
Let a(h) = -2*h + 44. Let o be a(-20). Let f(x) = 88 + x - 174 + o. Give f(3).
1
Let q be -15 + (16 - 7 - -9). Let l(j) = -3*j**3 - 3*j**2 + j + 1. Let z(o) = -2*o**3 - 3*o**2 + 1. Let r(f) = -3*l(f) + 4*z(f). Calculate r(q).
-8
Let a(g) = 3*g + 2. Let d(q) = 7*q + 4. Let x(i) = 9*a(i) - 4*d(i). Let k be x(-5). Let t(h) = 2*h - 2*h**2 - 10*h + 4*h**2 - 1 + k*h. Give t(-1).
2
Let v(p) be the third derivative of -17*p**4/24 - p**3/3 - 418*p**2. Calculate v(1).
-19
Let a = -5 - -11. Suppose 3*g - a*g + 25 = -2*b, -20 = 4*b. Suppose -o = 1 + g. Let u(n) = -n + 2. What is u(o)?
8
Suppose -73*h + 12 = -71*h. Suppose -h + 1 = -c. Let y(w) = w**3 - 5*w**2 - 3. Determine y(c).
-3
Suppose 2*z + 407 = 39*z. Let m(b) = 3*b - 33. Calculate m(z).
0
Let h = 89 + -42. Let u = h - 48. Let y(t) be the third derivative of -t**6/24 - t**5/60 - t**4/24 + 6*t**2. Calculate y(u).
5
Let t(s) = -2*s - 26*s**2 + 6 - s - 2*s**3 + 18*s**2 + 3*s**3. Give t(8).
-18
Let m(b) = -b**3 + 18*b**2 - 16*b - 14. Let n = 56 - 39. Let s be m(n). Let r(y) = y**3 - 3*y**2 - 4*y + 1. Determine r(s).
-11
Let m(a) = 5*a**3 - 8*a**2 - 10*a + 3. Let u(f) = -f**3 + 2*f**2 + f - 1. Let n(v) = -m(v) - 4*u(v). Determine n(3).
-8
Let w(f) = -3*f**2 + f - 2 + 2. Suppose -15*c + 2*s = -20*c + 11, -3*c + 4*s - 9 = 0. Calculate w(c).
-2
Let h(b) = 6*b**3 - 5*b**3 + 152*b - 4 - 3*b**2 - 156*b. Let k be (-6)/8 - 133/(-28). Give h(k).
-4
Let d(x) be the second derivative of -x**8/6720 - x**7/504 + x**5/24 + x**4/6 + 13*x. Let r(n) be the third derivative of d(n). Determine r(-4).
-11
Let t(p) be the third derivative of -5*p**4/12 - p**3/2 + 21*p**2. Let g(a) = 11*a + 4. Let y(o) = 5*g(o) + 6*t(o). Determine y(2).
-8
Let w(l) be the first derivative of -4*l**2 + 1/3*l**3 - 3*l - 20. Give w(8).
-3
Let y be 62/15 - 1/(195/26). Let c(p) = p**3 - 5*p**2 + 3*p - 2. Determine c(y).
-6
Let y(b) = b**3 - 7*b**2 - 9*b - 4. Let k be -16*5/30*-3. Calculate y(k).
-12
Suppose 4*g - 4 = -4*d + 4, d + 34 = 5*g. Let p(x) = x**2 - g - x**2 + 6*x - 3*x**2 + 2*x**2. Give p(4).
2
Let c(p) = p + 6. Let l be (3 + -4)*(1 + -1). Determine c(l).
6
Let j(s) be the third derivative of -s**8/6720 - s**7/2520 + s**6/144 + s**5/60 + s**4/6 - 10*s**2. Let p(y) be the second derivative of j(y). Give p(-3).
5
Let q(p) = -7 - 7*p - 6 + 4*p + 3. Let n be q(-5). Suppose -a - 5*v + n = -0, v = a - 5. Let t(f) = f**2 - 5*f + 5. Calculate t(a).
5
Suppose 143 = 9*z + 53. Suppose -5*t - z = -10*t. Let a(f) = f**2 + f - 2. Give a(t).
4
Let d(g) = -g**2 + 5*g. Let h(p) = 3*p**3 - p + 1. Let s be h(1). Suppose s = -2*k + 15. Calculate d(k).
-6
Let q(m) be the second derivative of m**5/20 - m**4/2 - m**2 - 10*m. Give q(6).
-2
Let v(t) = 10*t**3 - 2*t - 2. Let p(i) = 11*i**3 - 3*i - 3. Let w(f) = 2*p(f) - 3*v(f). Suppose 9*d + 20 = 5*d. Let h be (1/1)/(d/(-5)). Determine w(h).
-8
Let w(k) = -k + 12. Let v(o) = -5*o + 15. Let j(l) = -v(l) + 3*w(l). Calculate j(-8).
5
Suppose -10 + 34 = 4*i. Let j be (i/(-5))/((-6)/15). Let q(f) = f**2 - f + 1. Calculate q(j).
7
Let d(h) = -h**3 - 12*h**2 + 4. Suppose 4*n - 16 = 0, 0 = 4*g - n + 19 + 33. Calculate d(g).
4
Suppose j + 35 = 6*j. Let n(s) = 2*s**3. Let g(v) = -3*v**3 + 6*v**2 + 8*v - 10. Let u(d) = g(d) + n(d). Give u(j).
-3
Let s(u) = -u**3 - u**2 + 47*u + 143. Let k be s(-4). Let j(a) be the first derivative of 5*a**2/2 + 1. Give j(k).
15
Let q be 8/(-56)*-7*-9. Let n(d) = d**2 + 9*d + 17. Calculate n(q).
17
Let z = 40 - 42. Let n(b) = -90*b + 43*b + 2 + 48*b. Determine n(z).
0
Suppose 9*o - 14*o + 25 = 0. Suppose -3*j + 8*j = o. Let y(b) = 15*b + 1. What is y(j)?
16
Let x(v) = 42*v + 36. Let a(b) = -3*b - 2. Let n(m) = -15*a(m) - x(m). Calculate n(4).
6
Let p(f) be the first derivative of -f**3/3 - 4*f**2 - 6*f - 2. Suppose 3*m = -0*m + 5*g + 54, 0 = -4*g. Suppose -y = -12 + m. Give p(y).
6
Let x(g) = g**3 - 5*g**2 - 7*g - 7. Let i = -266 + 272. Give x(i).
-13
Let x(j) be the second derivative of -j**5/20 - 5*j**4/6 + j**3/6 + 13*j**2/2 + j - 23. Give x(-10).
3
Let b(v) be the second derivative of -v**3/2 - 9*v**2 + 6*v - 1. Give b(-9).
9
Let z(o) = -o - 12. Let l = -31 + 32. Let g be (-7 + 8)/(1/(-5)*l). What is z(g)?
-7
Let f(q) = 2*q**2 + 3*q**2 + 131*q - 132*q - q**3 - 7. Give f(5).
-12
Let y(w) = 6*w**2 - 12*w**2 + 0*w - w**3 + 8 - 9*w - 4*w**2. Determine y(-9).
8
Suppose -107 = 11*w + 25. Let i(a) = a**3 + 13*a**2 + 9*a - 10. Calculate i(w).
26
Let g(j) be the second derivative of 3*j**4/4 + j**3/6 - j**2 - 8*j - 3. Calculate g(1).
8
Let k(v) be the second derivative of -v**4/12 - v**3/6 + 9*v**2 - 25*v. Calculate k(-4).
6
Let y(s) = 21*s**2 - 3*s - 17. Let p(m) = 7*m**2 - m - 5. Let h(f) = -7*p(f) + 2*y(f). Suppose o - 4 = -5. What is h(o)?
-7
Let l(v) = 3*v**2 + 3*v - 3. Suppose 11*n = 16*n - 5*m + 20, -6 = 4*n - 2*m. Determine l(n).
3
Let m be 3/2*28/(-7). Let f(k) = -5 - 4*k - k**2 + 18*k**2 - 23*k**2 + 3 - k**3. Give f(m).
22
Suppose 3*f = -5*i + 150, 2*f = -2*i + i + 23. Let h(j) = 2*j - 64*j**2 - 1 + i*j**2 + 37*j**2. Calculate h(1).
7
Let j(x) = -10*x**3 - 22*x**2 + 12*x + 15. Let q(f) = -f**3 - 2*f**2 + 2*f + 2. Let i(p) = j(p) - 9*q(p). Give i(-2).
1
Let n = 0 + 0. Let i(u) be the second derivative of u**3/6 + 2*u**2 + 32*u - 18. What is i(n)?
4
Let x be 1*((1 - 3) + -4). Let g(o) = 8 + 16*o - 3*o - 10*o. What is g(x)?
-10
Let s be 3 + -2 + -5 - -1. Let y(u) = -3*u**2 - 6*u + 1. Suppose n = -2 + 4. Let l(h) = 16*h**2 + 31*h - 6. Let m(r) = n*l(r) + 11*y(r). Give m(s).
2
Suppose v - 2*v + 8 = 2*x, -v = -2*x. Let f(g) = -3*g**3 - 4*g**2 + v*g + g**2 - g**2 + 2*g**3. Let h = 12 + -17. Determine f(h).
5
Suppose 3*i - 2*i = 2. Let v be (14/4)/(1/i). Let y(o) = o**3 - 7*o**2 - 3*o + 7. Calculate y(v).
-14
Let c(x) = 2*x + 2. Suppose 2*j - 1 = 4*v + 5, -3*v = j - 8. Suppose u - v = -2*l - l, -2*l + 14 = -2*u. Let o = -1 - u. Determine c(o).
10
Let m(a) = 26*a - 12. Let o(n) = 244*n - 108. Let w(y) = 28*m(y) - 3*o(y). Give w(-3).
0
Let h(z) be the second derivative of z**6/120 + z**5/12 + z**4/6 + z**3 - 12*z**2 - 30*z. Le